{"id":10229,"date":"2024-04-23T20:21:54","date_gmt":"2024-04-23T18:21:54","guid":{"rendered":"https:\/\/tshirtsandgadgets.com\/product\/working-sunset-at-beach-unisex-softstyle-light-fabric-4-5-oz-y2-boulot-au-coucher-du-soleil-a-la-plage-softstyle-tissu-leger-153-g-m2\/"},"modified":"2024-05-05T01:44:03","modified_gmt":"2024-05-04T23:44:03","slug":"working-sunset-at-beach-unisex-softstyle-light-fabric-4-5-oz-y2-boulot-au-coucher-du-soleil-a-la-plage-softstyle-tissu-leger-153-g-m2","status":"publish","type":"product","link":"https:\/\/tshirtsandgadgets.com\/index.php\/product\/working-sunset-at-beach-unisex-softstyle-light-fabric-4-5-oz-y2-boulot-au-coucher-du-soleil-a-la-plage-softstyle-tissu-leger-153-g-m2\/","title":{"rendered":"Working Sunset at beach Unisex Softstyle Light Fabric 4.5 oz\/y2 | Boulot au Coucher du soleil \u00e0 la plage softstyle Tissu leger 153 g\/m2"},"content":{"rendered":"<p>[English]<br \/>\nWorking Sunset at the beach Unisex Softstyle Light Fabric 4.5 oz\/y2 T-Shirt.<br \/>\nThe unisex soft-style t-shirt puts a new spin on casual comfort. Made from very soft materials, this tee is 100% cotton for solid colors. Heather colors and sports grey include polyester. The shoulders have twill tape for improved durability. There are no side seams. The collar is made with ribbed knitting to prevent curling damage.<br \/>\n.: 100% ring-spun cotton (fiber content may vary for different colors)<br \/>\n.: Light fabric (4.5 oz\/yd\u00b2 (153 g\/m\u00b2))<br \/>\n.: Eurofit<br \/>\n.: Tear-away label<br \/>\n.: Runs true to size<\/p>\n<p>[Fran\u00e7ais]<br \/>\nBoulot au Coucher du soleil \u00e0 la plage Tissu leger 153 g\/m2 T-shirt.<br \/>\nLe t-shirt unisexe au style doux apporte une nouvelle touche au confort d\u00e9contract\u00e9. Fabriqu\u00e9 \u00e0 partir de mati\u00e8res tr\u00e8s douces, ce t-shirt est 100% coton pour des couleurs unies. Les couleurs chin\u00e9es et le gris sport incluent le polyester. Les \u00e9paules sont dot\u00e9es d&#8217;une bande serg\u00e9e pour une durabilit\u00e9 am\u00e9lior\u00e9e. Il n&#8217;y a pas de coutures lat\u00e9rales. Le col est fait de tricot c\u00f4tel\u00e9 pour \u00e9viter les dommages caus\u00e9s par le curling.<br \/>\n.: 100 % coton fil\u00e9 \u00e0 l&#8217;anneau (la teneur en fibres peut varier selon les couleurs)<br \/>\n.: Tissu l\u00e9ger (4,5 oz\/yd\u00b2 (153 g\/m\u00b2))<br \/>\n.: Eurofit<br \/>\n.: Etiquette d\u00e9tachable<br \/>\n.: Fonctionne fid\u00e8le \u00e0 la taille<\/p>\n","protected":false},"excerpt":{"rendered":"<p>&#8230;<\/p>\n","protected":false},"featured_media":10307,"comment_status":"open","ping_status":"closed","template":"","meta":{"om_disable_all_campaigns":false,"_monsterinsights_skip_tracking":false,"_monsterinsights_sitenote_active":false,"_monsterinsights_sitenote_note":"","_monsterinsights_sitenote_category":0,"_uf_show_specific_survey":0,"_uf_disable_surveys":false},"etheme_brands":[],"product_cat":[30,29,75],"product_tag":[],"class_list":{"0":"post-10229","1":"product","2":"type-product","3":"status-publish","4":"has-post-thumbnail","6":"product_cat-clothing","7":"product_cat-shop","8":"product_cat-t-shirts","10":"first","11":"instock","12":"taxable","13":"shipping-taxable","14":"purchasable","15":"product-type-variable","16":"has-default-attributes"},"aioseo_notices":[],"jetpack_sharing_enabled":true,"_links":{"self":[{"href":"https:\/\/tshirtsandgadgets.com\/index.php\/wp-json\/wp\/v2\/product\/10229","targetHints":{"allow":["GET"]}}],"collection":[{"href":"https:\/\/tshirtsandgadgets.com\/index.php\/wp-json\/wp\/v2\/product"}],"about":[{"href":"https:\/\/tshirtsandgadgets.com\/index.php\/wp-json\/wp\/v2\/types\/product"}],"replies":[{"embeddable":true,"href":"https:\/\/tshirtsandgadgets.com\/index.php\/wp-json\/wp\/v2\/comments?post=10229"}],"version-history":[{"count":1,"href":"https:\/\/tshirtsandgadgets.com\/index.php\/wp-json\/wp\/v2\/product\/10229\/revisions"}],"predecessor-version":[{"id":17816,"href":"https:\/\/tshirtsandgadgets.com\/index.php\/wp-json\/wp\/v2\/product\/10229\/revisions\/17816"}],"wp:featuredmedia":[{"embeddable":true,"href":"https:\/\/tshirtsandgadgets.com\/index.php\/wp-json\/wp\/v2\/media\/10307"}],"wp:attachment":[{"href":"https:\/\/tshirtsandgadgets.com\/index.php\/wp-json\/wp\/v2\/media?parent=10229"}],"wp:term":[{"taxonomy":"brand","embeddable":true,"href":"https:\/\/tshirtsandgadgets.com\/index.php\/wp-json\/wp\/v2\/etheme_brands?post=10229"},{"taxonomy":"product_cat","embeddable":true,"href":"https:\/\/tshirtsandgadgets.com\/index.php\/wp-json\/wp\/v2\/product_cat?post=10229"},{"taxonomy":"product_tag","embeddable":true,"href":"https:\/\/tshirtsandgadgets.com\/index.php\/wp-json\/wp\/v2\/product_tag?post=10229"}],"curies":[{"name":"wp","href":"https:\/\/api.w.org\/{rel}","templated":true}]}}